inder when 31 is divided by 30.
1
Calculate the remainder when 193 is divided by 42.
25
What is the remainder when 18331 is divided by 20?
11
Calculate the remainder when 153 is divided by 140.
13
Calculate the remainder when 174 is divided by 89.
85
What is the remainder when 323 is divided by 39?
11
Calculate the remainder when 221 is divided by 58.
47
Calculate the remainder when 343 is divided by 96.
55
What is the remainder when 8296 is divided by 9?
7
Calculate the remainder when 19691 is divided by 16.
11
Calculate the remainder when 339 is divided by 68.
67
What is the remainder when 5917 is divided by 21?
16
What is the remainder when 85 is divided by 9?
4
What is the remainder when 171 is divided by 121?
50
What is the remainder when 34 is divided by 17?
0
Calculate the remainder when 2006 is divided by 252.
242
Calculate the remainder when 525 is divided by 46.
19
What is the remainder when 346 is divided by 70?
66
Calculate the remainder when 2389 is divided by 347.
307
Calculate the remainder when 491 is divided by 111.
47
What is the remainder when 46434 is divided by 23?
20
What is the remainder when 344 is divided by 87?
83
What is the remainder when 309 is divided by 13?
10
Calculate the remainder when 475 is divided by 152.
19
Calculate the remainder when 518 is divided by 27.
5
Calculate the remainder when 2421 is divided by 26.
3
Calculate the remainder when 107 is divided by 30.
17
What is the remainder when 274 is divided by 74?
52
Calculate the remainder when 844 is divided by 475.
369
Calculate the remainder when 129 is divided by 15.
9
Calculate the remainder when 666 is divided by 634.
32
Calculate the remainder when 622 is divided by 80.
62
Calculate the remainder when 49 is divided by 13.
10
Calculate the remainder when 215 is divided by 104.
7
What is the remainder when 504 is divided by 119?
28
What is the remainder when 387 is divided by 78?
75
Calculate the remainder when 1653 is divided by 122.
67
What is the remainder when 166 is divided by 155?
11
What is the remainder when 711 is divided by 35?
11
Calculate the remainder when 1318 is divided by 110.
108
What is the remainder when 1004 is divided by 197?
19
Calculate the remainder when 171 is divided by 159.
12
What is the remainder when 45 is divided by 19?
7
What is the remainder when 718 is divided by 10?
8
Calculate the remainder when 870 is divided by 227.
189
Calculate the remainder when 52774 is divided by 25.
24
What is the remainder when 11148 is divided by 63?
60
What is the remainder when 75 is divided by 41?
34
Calculate the remainder when 46781 is divided by 23.
22
What is the remainder when 155 is divided by 26?
25
Calculate the remainder when 4427 is divided by 103.
101
Calculate the remainder when 318 is divided by 80.
78
What is the remainder when 278 is divided by 142?
136
What is the remainder when 503 is divided by 37?
22
What is the remainder when 179 is divided by 24?
11
What is the remainder when 499 is divided by 28?
23
Calculate the remainder when 5530 is divided by 251.
8
Calculate the remainder when 66 is divided by 17.
15
What is the remainder when 1720 is divided by 21?
19
What is the remainder when 2864 is divided by 204?
8
What is the remainder when 1645 is divided by 50?
45
What is the remainder when 813 is divided by 102?
99
What is the remainder when 119 is divided by 56?
7
What is the remainder when 1793 is divided by 357?
8
Calculate the remainder when 734 is divided by 107.
92
What is the remainder when 796 is divided by 52?
16
What is the remainder when 164 is divided by 34?
28
What is the remainder when 6567 is divided by 90?
87
Calculate the remainder when 74 is divided by 20.
14
Calculate the remainder when 344 is divided by 141.
62
Calculate the remainder when 133 is divided by 38.
19
Calculate the remainder when 186 is divided by 85.
16
What is the remainder when 820 is divided by 37?
6
Calculate the remainder when 13839 is divided by 109.
105
What is the remainder when 3852 is divided by 1922?
8
Calculate the remainder when 113 is divided by 40.
33
Calculate the remainder when 16186 is divided by 76.
74
Calculate the remainder when 7512 is divided by 13.
11
Calculate the remainder when 130 is divided by 38.
16
Calculate the remainder when 1882 is divided by 46.
42
What is the remainder when 24 is divided by 14?
10
Calculate the remainder when 393 is divided by 12.
9
What is the remainder when 23069 is divided by 206?
203
Calculate the remainder when 253 is divided by 62.
5
What is the remainder when 81 is divided by 21?
18
Calculate the remainder when 1041 is divided by 43.
9
Calculate the remainder when 4124 is divided by 55.
54
What is the remainder when 585 is divided by 119?
109
Calculate the remainder when 11 is divided by 5.
1
Calculate the remainder when 23 is divided by 18.
5
Calculate the remainder when 29 is divided by 5.
4
What is the remainder when 148 is divided by 9?
4
Calculate the remainder when 5150 is divided by 184.
182
What is the remainder when 541 is divided by 41?
8
Calculate the remainder when 271 is divided by 14.
5
Calculate the remainder when 244 is divided by 105.
34
Calculate the remainder when 265 is divided by 77.
34
Calculate the remainder when 2089 is divided by 143.
87
What is the remainder when 213 is divided by 107?
106
Calculate the remainder when 206 is divided by 16.
14
Calculate the remainder when 54 is divided by 41.
13
What is the remainder when 290 is divided by 56?
10
What is the remainder when 495 is divided by 21?
12
What is the remainder when 160 is divided by 33?
28
What is the remainder when 110 is divided by 30?
20
What is the remainder when 12319 is divided by 112?
111
Calculate the remainder when 1513 is divided by 173.
129
Calculate the remainder when 129 is divided by 21.
3
What is the remainder when 374 is divided by 120?
14
What is the remainder when 1756 is divided by 43?
36
What is the remainder when 640 is divided by 178?
106
What is the remainder when 2 is divided by 2?
0
What is the remainder when 386 is divided by 16?
2
What is the remainder when 934 is divided by 5?
4
Calculate the remainder when 424 is divided by 17.
16
What is the remainder when 3710 is divided by 64?
62
Calculate the remainder when 155 is divided by 34.
19
What is the remainder when 344 is divided by 21?
8
Calculate the remainder when 137 is divided by 69.
68
Calculate the remainder when 741 is divided by 62.
59
Calculate the remainder when 160 is divided by 6.
4
Calculate the remainder when 2716 is divided by 678.
4
What is the remainder when 255 is divided by 66?
57
What is the remainder when 74 is divided by 8?
2
Calculate the remainder when 128 is divided by 71.
57
What is the remainder when 133 is divided by 54?
25
Calculate the remainder when 222 is divided by 72.
6
What is the remainder when 240 is divided by 28?
16
What is the remainder when 790 is divided by 6?
4
Calculate the remainder when 7 is divided by 2.
1
Calculate the remainder when 50 is divided by 44.
6
Calculate the remainder when 159 is divided by 41.
36
What is the remainder when 34 is divided by 15?
4
Calculate the remainder when 2258 is divided by 5.
3
Calculate the remainder when 283 is divided by 71.
70
What is the remainder when 172 is divided by 31?
17
Calculate the remainder when 510 is divided by 40.
30
What is the remainder when 1351 is divided by 174?
133
Calculate the remainder when 663 is divided by 47.
5
Calculate the remainder when 39 is divided by 21.
18
What is the remainder when 1757 is divided by 88?
85
What is the remainder when 726 is divided by 716?
10
Calculate the remainder when 37 is divided by 33.
4
Calculate the remainder when 141 is divided by 43.
12
What is the remainder when 279 is divided by 70?
69
What is the remainder when 55 is divided by 25?
5
Calculate the remainder when 316 is divided by 80.
76
What is the remainder when 153 is divided by 85?
68
Calculate the remainder when 3722 is divided by 17.
16
What is the remainder when 2428 is divided by 21?
13
Calculate the remainder when 113 is divided by 6.
5
What is the remainder when 2131 is divided by 61?
57
Calculate the remainder when 1184 is divided by 90.
14
What is the remainder when 205 is divided by 24?
13
Calculate the